6 (base 12) in base 16?
-17189a
Convert 10133333223 (base 4) to base 12.
48a7a3
What is 1001011010100110001101 (base 2) in base 5?
1112440422
What is 84b06f (base 16) in base 2?
100001001011000001101111
What is -4d5904 (base 14) in base 15?
-379eb2
What is 553430 (base 6) in base 4?
23101122
Convert -206b6 (base 14) to base 2.
-10011000101011000
11100022012 (base 3) to base 16
14e0a
Convert -30331202 (base 4) to base 13.
-1b21b
What is -112211212210 (base 3) in base 11?
-18a625
342130513 (base 6) to base 3
102210020021000
-23035502 (base 6) to base 4
-2230013132
What is -11022002021112 (base 3) in base 5?
-1041104024
49167 (base 11) to base 9
117026
Convert -566019 (base 10) to base 16.
-8a303
-a84638 (base 12) to base 3
-12000020121122
What is -625520 (base 7) in base 9?
-173555
What is 144a64 (base 12) in base 11?
212667
Convert -11455746 (base 8) to base 14.
-4961dc
Convert -1cc61 (base 15) to base 14.
-26324
Convert 476311 (base 8) to base 14.
435a1
Convert -111011001011001111 (base 2) to base 5.
-30224013
1110101111110001100 (base 2) to base 14
c8152
Convert 22153052 (base 6) to base 11.
416a72
452324042 (base 6) to base 9
16445688
Convert -2253024 (base 7) to base 11.
-182931
1c597c (base 15) to base 5
323322032
Convert -302440 (base 7) to base 13.
-1a497
-57482 (base 11) to base 16
-14498
What is ab753 (base 12) in base 14?
5cc59
21310130221 (base 4) to base 6
131101121
-121404222 (base 5) to base 8
-2144112
What is -100011100010100101 (base 2) in base 4?
-203202211
-4429 (base 12) to base 9
-11276
-21221310213 (base 4) to base 10
-2530599
What is 2030334 (base 6) in base 2?
10111110000110010
Convert -1061421 (base 7) to base 5.
-13220414
-83ad01 (base 14) to base 16
-43de55
Convert -424100 (base 8) to base 11.
-97244
-230210 (base 8) to base 3
-10221221102
What is 1000122100220 (base 3) in base 6?
15354553
122322301 (base 4) to base 8
327261
What is -686a9 (base 12) in base 5?
-13423413
f73c (base 16) to base 12
30764
10111011001001101010 (base 2) to base 13
20abbc
Convert 119537 (base 10) to base 7.
1005335
Convert -db633 (base 16) to base 8.
-3333063
Convert -1344144 (base 7) to base 9.
-302640
Convert 2d9788 (base 15) to base 16.
21b4b9
What is -111100110001011010 (base 2) in base 15?
-4db4c
Convert -3bc37 (base 14) to base 10.
-147833
-949314 (base 16) to base 15
-cc5070
What is -9a67 (base 16) in base 9?
-60188
Convert -7a280 (base 12) to base 3.
-22021100020
30003404 (base 6) to base 3
1120201002111
What is 1110200000202 (base 3) in base 6?
24422415
Convert -102121202222 (base 3) to base 6.
-4522555
Convert 146b0b6 (base 12) to base 4.
33233003022
What is 213995 (base 12) in base 2?
10000000001011000001
Convert -1b8e31 (base 15) to base 3.
-2112101222101
Convert -32020212113 (base 4) to base 3.
-20222020122002
What is 311125 (base 7) in base 9?
81017
What is 45864 (base 13) in base 4?
132323013
Convert -b111a (base 14) to base 3.
-210121201202
What is 154325250 (base 6) in base 16?
323f5e
What is 2717cc (base 15) in base 7?
21651666
204234420 (base 5) to base 10
852485
What is 1012202012 (base 3) in base 10?
23873
41bbc (base 14) to base 7
1230525
10000000000101010110 (base 2) to base 15
a56a5
Convert -194340b (base 13) to base 9.
-16534625
Convert -3c8ba (base 13) to base 6.
-2233412
34cc1 (base 14) to base 11
88801
What is 4300 (base 16) in base 8?
41400
What is -100010110000101110111 (base 2) in base 4?
-10112011313
-1304143104 (base 6) to base 14
-2069d04
What is 100100110110010110011 (base 2) in base 6?
41514055
72eed (base 15) to base 12
156b2a
-133141112 (base 5) to base 4
-2211130121
What is 101101100010011010100011 (base 2) in base 13?
261c69b
49591 (base 16) to base 3
120021010011
What is -30115260 (base 7) in base 13?
-693198
137021 (base 11) to base 7
1551552
-137c72d (base 15) to base 13
-2bb603a
What is 2342321344 (base 5) in base 10?
5432724
What is -6976 (base 11) in base 6?
-110222
What is 56d7bd (base 15) in base 4?
33310101031
-255453 (base 9) to base 3
-21212111210
Convert 10120221222120 (base 3) to base 16.
1d1f1e
What is 31202231233 (base 4) in base 16?
362b6f
-300120 (base 4) to base 11
-2365
What is 11012200120 (base 3) in base 12?
3bb66
What is -330211303 (base 4) in base 2?
-111100100101110011
Convert 181183 (base 10) to base 11.
114142
10011010111001001101100 (base 2) to base 6
300441552
Convert 80586 (base 13) to base 2.
111000000001000011
92659 (base 11) to base 7
1102142
-53606aa (base 12) to base 15
-15c2051
What is -120b121 (base 12) in base 13?
-9584a1
What is b393 (base 15) in base 14?
db7c
What is -3136aa (base 12) in base 11?
-489090
203b5 (base 12) to base 13
1619c
Convert 110001101110011101100 (base 2) to base 12.
666b50
622215 (base 7) to base 13
395a9
Convert -555232004 (base 6) to base 2.
-100110010101110101100100
Convert -106153214 (base 7) to base 9.
-13207178
Convert -61656646 (base 7) to base 11.
-2a14454
Convert 6415164 (base 7) to base 15.
1054c3
What is 8464b7 (base 14) in base 4?
101010031001
What is -a774b (base 12) in base 16?
-35d6b
Convert 1871b02 (base 12) to base 2.
10011100011001111110010
7831589 (base 10) to base 5
4001102324
Convert -21600163 (base 8) to base 2.
-10001110000000001110011
Convert -4311203 (base 6) to base 16.
-33a53
Convert 3046057 (base 8) to base 12.
32a493
What is -303230 (base 9) in base 3?
-100010021000
ce2ca (base 15) to base 7
5366521
-1444445 (base 6) to base 13
-2c2c1
3b843 (base 12) to base 7
462201
-22001001202 (base 3) to base 13
-57044
Convert -2065794 (base 10) to base 6.
-112135510
Convert 560ab1 (base 13) to base 11.
1166a10
Convert -2200bf (base 16) to base 8.
-10400277
What is 1e330e (base 15) in base 3?
2210010201112
-121362 (base 8) to base 14
-112b8
2233022 (base 4) to base 16
2bca
1001001000001101101 (base 2) to base 10
299117
What is 162046 (base 13) in base 8?
2054447
Convert -532735 (base 8) to base 6.
-3450205
Convert 102333121 (base 4) to base 5.
4442120
1973b0 (base 15) to base 6
42322133
What is 138957 (base 11) in base 14?
58ddb
What is b3d0a (base 14) in base 11?
27665a
4108702 (base 10) to base 16
3eb19e
Convert 241001214 (base 5) to base 14.
20c503
-1231120 (base 9) to base 12
-283916
What is 1139206 (base 10) in base 7?
12453205
-202001002022 (base 3) to base 9
-661068
What is abd0 (base 14) in base 6?
345510
-3420453 (base 6) to base 13
-61185
-115001246 (base 7) to base 15
-96b80e
130230222 (base 4) to base 14
30ba2
-6fc27 (base 16) to base 3
-212020221100
Convert 2161772 (base 9) to base 5.
244201113
What is 101110101010011101 (base 2) in base 11?
120668
11011222022221 (base 3) to base 10
2223691
Convert -313130131 (base 4) to base 5.
-24231401
Convert -4200210403 (base 5) to base 6.
-504202104
-10332320113 (base 4) to base 16
-13ee17
-101000001001001010 (base 2) to base 12
-7b1a2
Convert 18176528 (base 9) to base 15.
c09638
What is 2340e (base 16) in base 3?
21100002002
What is -1402420324 (base 5) in base 11?
-2012243
-16b8d0 (base 16) to base 15
-1e6339
55c513 (base 13) to base 12
8188a7
Convert 566645 (base 12) to base 7.
14504630
What is -738b50 (base 15) in base 14?
-a31426
1384281 (base 12) to base 8
16714201
Convert -12340120 (base 5) to base 11.
-8313a
Convert -8a58 (base 15) to base 14.
-a993
Convert 1178507 (base 9) to base 8.
2347145
What is 30746 (base 8) in base 14?
4926
2110011002002 (base 3) to base 7
14032031
-a2813 (base 12) to base 10
-211983
-102013003000 (base 4) to base 9
-8835251
-6032663 (base 7) to base 16
-ae58a
2450543 (base 6) to base 11
8a555
What is 7442a4 (base 11) in base 6?
41312401
-13695 (base 11) to base 13
-8b23
What is 21197 (base 15) in base 5?
11324432
10330032100 (base 4) to base 10
1295248
-11220100100 (base 3) to base 5
-11041410
5205343 (base 7) to base 10
623752
3852d8 (base 16) to base 13
9c3174
-1000010110000001010 (base 2) to base 9
-456047
What is -1c10141 (base 13) in base 6?
-531322552
205304466 (base 7) to base 9
24807843
What is 12039c2 (base 15) in base 7?
214555421
What is 1000131203 (base 4) in base 14?
6c319
Convert 2999887 (base 10) to base 3.
12122102001221
Convert 213104 (base 8) to base 16.
11644
Convert -103110201 (base 4) to base 3.
-11000120000
What is 202110200002 (base 3) in base 9?
673602
Convert 1aa12 (base 12) to base 10.
39470
What is 4373a2 (base 